{"id":6046,"date":"2024-06-27T16:44:03","date_gmt":"2024-06-27T16:44:03","guid":{"rendered":"https:\/\/lolaquettaboutique.com.br\/site\/?post_type=product&#038;p=6046"},"modified":"2025-01-17T17:18:13","modified_gmt":"2025-01-17T17:18:13","slug":"perfume-delilah-pour-femme-eau-parfum-maison-alhambra-100ml","status":"publish","type":"product","link":"https:\/\/lolaquettaboutique.com.br\/site\/index.php\/produto\/perfume-delilah-pour-femme-eau-parfum-maison-alhambra-100ml\/","title":{"rendered":"Perfume Delilah Pour Femme Eau Parfum Maison Alhambra 100ml"},"content":{"rendered":"<p>As notas de topo incluem o lim\u00e3o siciliano, a bergamota e a ma\u00e7\u00e3 verde, que conferem um toque c\u00edtrico e refrescante. No cora\u00e7\u00e3o, encontramos a rosa, a magn\u00f3lia e a pe\u00f4nia, que adicionam um toque floral \u00e0 fragr\u00e2ncia. J\u00e1 as notas de base s\u00e3o compostas por acordes de s\u00e2ndalo, alm\u00edscar e baunilha, que conferem um toque amadeirado e quente.<\/p>\n<p>O resultado \u00e9 um perfume delicado e refinado, ideal para a mulher que busca uma fragr\u00e2ncia elegante e suave. A embalagem do perfume \u00e9 elegante e sofisticada, apresentando o nome da fragr\u00e2ncia em letras douradas e um frasco rosa claro com detalhes dourados.<\/p>\n<p>O Delilah Pour Femme Eau de Parfum Maison Alhambra \u00e9 uma excelente op\u00e7\u00e3o para o dia a dia, eventos especiais ou para quem simplesmente busca uma fragr\u00e2ncia delicada e marcante. Combinando notas florais e frutadas, essa fragr\u00e2ncia \u00e9 perfeita para mulheres sofisticadas e que n\u00e3o abrem m\u00e3o de um perfume elegante e suave.<\/p>\n<p>Na Lams Perfumes, voc\u00ea encontra o Delilah Pour Femme Eau de Parfum Maison Alhambra e muitas outras op\u00e7\u00f5es de fragr\u00e2ncias femininas para todas as ocasi\u00f5es pode ir na nova embalagem mais o frasco e a fragancia e o mesmo das fotos<\/p>\n","protected":false},"excerpt":{"rendered":"<p>As notas de topo incluem o lim\u00e3o siciliano, a bergamota e a ma\u00e7\u00e3 verde, que conferem um toque c\u00edtrico e refrescante. No cora\u00e7\u00e3o, encontramos a rosa, a magn\u00f3lia e a pe\u00f4nia, que adicionam um toque floral \u00e0 fragr\u00e2ncia. J\u00e1 as notas de base s\u00e3o compostas por acordes de s\u00e2ndalo, alm\u00edscar e baunilha, que conferem um &hellip;<\/p>\n<p class=\"read-more\"> <a class=\"\" href=\"https:\/\/lolaquettaboutique.com.br\/site\/index.php\/produto\/perfume-delilah-pour-femme-eau-parfum-maison-alhambra-100ml\/\"> <span class=\"screen-reader-text\">Perfume Delilah Pour Femme Eau Parfum Maison Alhambra 100ml<\/span> Leia mais &raquo;<\/a><\/p>\n","protected":false},"featured_media":6056,"comment_status":"open","ping_status":"closed","template":"","meta":{"site-sidebar-layout":"default","site-content-layout":"default","ast-global-header-display":"","ast-main-header-display":"","ast-hfb-above-header-display":"","ast-hfb-below-header-display":"","ast-hfb-mobile-header-display":"","site-post-title":"","ast-breadcrumbs-content":"","ast-featured-img":"","footer-sml-layout":"","theme-transparent-header-meta":"default","adv-header-id-meta":"","stick-header-meta":"","header-above-stick-meta":"","header-main-stick-meta":"","header-below-stick-meta":""},"product_cat":[107],"product_tag":[],"class_list":["post-6046","product","type-product","status-publish","has-post-thumbnail","hentry","product_cat-perfumes","desktop-align-left","tablet-align-left","mobile-align-left"],"_links":{"self":[{"href":"https:\/\/lolaquettaboutique.com.br\/site\/index.php\/wp-json\/wp\/v3\/product\/6046","targetHints":{"allow":["GET"]}}],"collection":[{"href":"https:\/\/lolaquettaboutique.com.br\/site\/index.php\/wp-json\/wp\/v3\/product"}],"about":[{"href":"https:\/\/lolaquettaboutique.com.br\/site\/index.php\/wp-json\/wp\/v2\/types\/product"}],"replies":[{"embeddable":true,"href":"https:\/\/lolaquettaboutique.com.br\/site\/index.php\/wp-json\/wp\/v2\/comments?post=6046"}],"version-history":[{"count":1,"href":"https:\/\/lolaquettaboutique.com.br\/site\/index.php\/wp-json\/wp\/v3\/product\/6046\/revisions"}],"predecessor-version":[{"id":6049,"href":"https:\/\/lolaquettaboutique.com.br\/site\/index.php\/wp-json\/wp\/v3\/product\/6046\/revisions\/6049"}],"wp:featuredmedia":[{"embeddable":true,"href":"https:\/\/lolaquettaboutique.com.br\/site\/index.php\/wp-json\/wp\/v2\/media\/6056"}],"wp:attachment":[{"href":"https:\/\/lolaquettaboutique.com.br\/site\/index.php\/wp-json\/wp\/v2\/media?parent=6046"}],"wp:term":[{"taxonomy":"product_cat","embeddable":true,"href":"https:\/\/lolaquettaboutique.com.br\/site\/index.php\/wp-json\/wp\/v2\/product_cat?post=6046"},{"taxonomy":"product_tag","embeddable":true,"href":"https:\/\/lolaquettaboutique.com.br\/site\/index.php\/wp-json\/wp\/v2\/product_tag?post=6046"}],"curies":[{"name":"wp","href":"https:\/\/api.w.org\/{rel}","templated":true}]}}